1b
110100 (base 2) to base 15
37
-202 (base 3) to base 14
-16
34 (base 5) to base 15
14
-3 (base 15) to base 9
-3
Convert 12 (base 12) to base 9.
15
What is 201 (base 8) in base 16?
81
What is -11122 (base 3) in base 12?
-a5
b (base 12) to base 14
b
12 (base 9) to base 11
10
What is -1 (base 16) in base 9?
-1
-22 (base 3) to base 9
-8
Convert -2 (base 3) to base 13.
-2
-6 (base 13) to base 15
-6
Convert -1102 (base 4) to base 2.
-1010010
Convert 223 (base 5) to base 2.
111111
Convert 10 (base 3) to base 2.
11
15 (base 16) to base 2
10101
-11 (base 12) to base 10
-13
-403 (base 5) to base 12
-87
-10 (base 9) to base 11
-9
What is 14 (base 12) in base 9?
17
-81 (base 9) to base 11
-67
Convert -23 (base 8) to base 12.
-17
Convert -ba (base 13) to base 2.
-10011001
-13 (base 15) to base 5
-33
Convert 4 (base 16) to base 10.
4
What is -3 (base 6) in base 8?
-3
10 (base 12) to base 11
11
Convert 37 (base 11) to base 15.
2a
7 (base 16) to base 6
11
Convert -11 (base 5) to base 9.
-6
1 (base 16) to base 5
1
What is -2 (base 4) in base 11?
-2
What is 1131 (base 5) in base 3?
20011
-6 (base 14) to base 4
-12
What is -9 (base 11) in base 4?
-21
What is 1 (base 2) in base 13?
1
What is 2 (base 5) in base 7?
2
-10000 (base 2) to base 16
-10
1104 (base 7) to base 5
3041
What is 3 (base 6) in base 12?
3
What is -1110 (base 3) in base 6?
-103
What is 2 (base 4) in base 9?
2
Convert -5 (base 11) to base 12.
-5
Convert -14c (base 14) to base 8.
-410
Convert -1 (base 2) to base 10.
-1
Convert -5 (base 16) to base 6.
-5
What is -9 (base 10) in base 4?
-21
6 (base 11) to base 9
6
Convert -10 (base 3) to base 13.
-3
Convert -6 (base 14) to base 11.
-6
What is 1 (base 3) in base 6?
1
3 (base 8) to base 14
3
What is -32 (base 13) in base 4?
-221
What is -4 (base 16) in base 12?
-4
-14 (base 5) to base 6
-13
What is 3 (base 6) in base 15?
3
-e (base 15) to base 10
-14
-13 (base 7) to base 9
-11
What is 2d (base 15) in base 3?
1121
12302 (base 4) to base 14
230
Convert 2 (base 11) to base 15.
2
0 (base 15) to base 10
0
Convert 129 (base 11) to base 2.
10011000
What is -27 (base 12) in base 8?
-37
What is 33 (base 6) in base 12?
19
-3 (base 7) to base 5
-3
Convert -1a (base 13) to base 15.
-18
What is -9 (base 16) in base 8?
-11
What is -2 (base 15) in base 4?
-2
Convert 150 (base 6) to base 4.
1002
What is -2 (base 7) in base 10?
-2
-2 (base 15) to base 9
-2
-1113 (base 5) to base 13
-c2
-d2 (base 16) to base 10
-210
What is 125 (base 6) in base 10?
53
Convert 5 (base 12) to base 14.
5
-137 (base 8) to base 2
-1011111
What is 6 (base 15) in base 11?
6
What is 0 (base 2) in base 14?
0
What is 130 (base 6) in base 3?
2000
What is -1 (base 13) in base 5?
-1
What is -24 (base 15) in base 2?
-100010
5 (base 11) to base 4
11
What is 8e (base 16) in base 2?
10001110
-100 (base 4) to base 16
-10
-19 (base 16) to base 9
-27
Convert -3 (base 16) to base 2.
-11
88 (base 13) to base 4
1300
-25 (base 14) to base 5
-113
-394 (base 10) to base 15
-1b4
What is -2 (base 8) in base 6?
-2
What is 2 (base 11) in base 13?
2
-6 (base 13) to base 2
-110
3 (base 16) to base 11
3
-223 (base 4) to base 8
-53
31 (base 4) to base 8
15
Convert 11 (base 8) to base 9.
10
-1 (base 9) to base 15
-1
Convert 7 (base 9) to base 14.
7
What is -4 (base 5) in base 3?
-11
Convert 2 (base 3) to base 12.
2
Convert 10 (base 4) to base 9.
4
What is -2112 (base 3) in base 2?
-1000100
Convert 2 (base 12) to base 11.
2
Convert 13 (base 11) to base 15.
e
Convert 41 (base 13) to base 7.
104
3 (base 9) to base 5
3
0 (base 4) to base 8
0
What is 1 (base 5) in base 15?
1
-a (base 12) to base 15
-a
Convert 101 (base 2) to base 6.
5
Convert 100 (base 15) to base 5.
1400
-6 (base 14) to base 5
-11
Convert 1101 (base 2) to base 8.
15
What is 1 (base 9) in base 2?
1
What is 92 (base 10) in base 15?
62
Convert 132 (base 5) to base 4.
222
-1021 (base 6) to base 15
-104
What is -11 (base 3) in base 16?
-4
What is 11001 (base 2) in base 6?
41
4 (base 7) to base 11
4
-97 (base 10) to base 12
-81
-172 (base 10) to base 4
-2230
Convert -110 (base 3) to base 2.
-1100
131 (base 4) to base 9
32
-43 (base 5) to base 12
-1b
What is 13 (base 13) in base 16?
10
Convert -38 (base 15) to base 11.
-49
Convert -3123 (base 4) to base 16.
-db
What is 101001 (base 2) in base 16?
29
What is 6 (base 11) in base 16?
6
-100 (base 6) to base 5
-121
-20 (base 8) to base 6
-24
What is 1b (base 14) in base 9?
27
What is 1012 (base 3) in base 6?
52
What is -1 (base 11) in base 6?
-1
0 (base 7) to base 11
0
Convert 1021 (base 4) to base 12.
61
What is 8 (base 16) in base 8?
10
Convert -136 (base 11) to base 6.
-424
Convert 3 (base 16) to base 4.
3
What is 240 (base 6) in base 10?
96
Convert 42 (base 14) to base 5.
213
What is -23 (base 13) in base 11?
-27
4 (base 12) to base 6
4
30 (base 4) to base 5
22
Convert 20 (base 10) to base 13.
17
-52 (base 7) to base 9
-41
What is 27 (base 13) in base 10?
33
4 (base 5) to base 12
4
10 (base 12) to base 9
13
Convert -27 (base 8) to base 5.
-43
What is -414 (base 6) in base 8?
-232
-110 (base 4) to base 9
-22
What is -2 (base 11) in base 16?
-2
a3 (base 16) to base 15
ad
Convert -1 (base 13) to base 7.
-1
Convert 16 (base 12) to base 4.
102
Convert 11 (base 2) to base 16.
3
-1002 (base 3) to base 9
-32
What is e (base 16) in base 8?
16
-2 (base 7) to base 9
-2
What is 18 (base 10) in base 6?
30
What is 15 (base 14) in base 8?
23
What is 2 (base 4) in base 8?
2
What is -10112 (base 3) in base 7?
-164
What is 3 (base 9) in base 11?
3
1010000 (base 2) to base 5
310
What is -2 (base 7) in base 13?
-2
-1d (base 15) to base 14
-20
-1 (base 15) to base 9
-1
Convert 161 (base 10) to base 16.
a1
What is -12 (base 5) in base 2?
-111
What is -65 (base 8) in base 11?
-49
What is 10 (base 2) in base 7?
2
Convert -22 (base 3) to base 14.
-8
What is 4 (base 13) in base 8?
4
-27 (base 11) to base 2
-11101
Convert 102100 (base 3) to base 9.
370
What is 3 (base 12) in base 3?
10
Convert -18 (base 10) to base 6.
-30
Convert 235 (base 6) to base 3.
10112
Convert -2202 (base 3) to base 9.
-82
What is 314 (base 5) in base 8?
124
Convert -3 (base 12) to base 6.
-3
Convert -12 (base 4) to base 7.
-6
Convert 225 (base 7) to base 15.
7c
What is 1a (base 14) in base 16?
18
64 (base 9) to base 10
58
Convert -3 (base 11) to base 12.
-3
Convert -1400 (base 5) to base 10.
-225
What is 4 (base 8) in base 13?
4
What is 11100 (base 2) in base 7?
40
50 (base 12) to base 7
114
Convert -a (base 16) to base 3.
-101
What is 1014 (base 5) in base 9?
158
What is 2 (base 6) in base 2?
10
9 (base 15) to base 13
9
What is 1 (base 2) in base 9?
1
What is -14 (base 7) in base 13?
-b
Convert -43 (base 15) to base 12.
-53
Convert -1d (base 14) to base 5.
-102
1011 (base 2) to base 7
14
-3 (base 10) to base 6
-3
Convert -134 (base 6) to base 16.
-3a
What is 12 (base 10) in base 9?
13
Convert 30 (base 10) to base 13.
24
What is -1001 (base 2) in base 11?
-9
Convert -20 (base 10) to base 9.
-22
What is 7 (base 15) in base 13?
7
Convert -114 (base 6) to base 10.
-46
Convert -320 (base 4) to base 7.
-110
Convert -a (base 13) to base 10.
-10
-26 (base 9) to base 8
-30
19 (base 13) to base 16
16
What is -17 (base 8) in base 10?
-15
-b7 (base 14) to base 7
-320
Convert -36 (base 8) to base 11.
-28
What is -1 (base 10) in base 13?
-1
Convert 1 (base 13) to base 11.
1
What is 420 (base 5) in base 13?
86
What is 6 (base 9) in base 2?
110
What is -1 (base 8) in base 16?
-1
Convert -7 (base 11) to base 4.
-13
Convert -5 (base 11) to base 4.
-11
-7 (base 14) to base 5
-12
What is a (base 11) in base 12?
a
Convert 122 (base 8) to base 10.
82
Convert 68 (base 13) to base 5.
321
Convert 22 (base 5) to base 16.
c
-121 (base 10) to base 16
-79
10 (base 5) to base 11
5
Convert 80 (base 12) to base 7.
165
Convert 10 (base 4) to base 14.
4
Convert -13b (base 13) to base 14.
-119
Convert 4 (base 16) to base 11.
4
What is 56 (base 7) in base 13?
32
Convert -5 (base 11) to base 14.
-5
What is 91 (base 15) in base 7?
253
Convert 59 (base 11) to base 13.
4c
Convert 2 (base 6) to base 3.
2
What is -232 (base 5) in base 2?
-1000011
What is 420 (base 5) in base 16?
6e
-c (base 15) to base 9
-13
What is a9 (base 12) in base 2?
10000001
1232 (base 6) to base 3
102102
What is -11011 (base 